inder when p/(6 + (-9654)/1608) is divided by 45.
43
Let j = -7779 - -13773. Calculate the remainder when j is divided by 150.
144
Let d = -595 - -590. Calculate the remainder when ((-62)/d)/(91/1365) is divided by 10.
6
Let s = -4238 + 4247. Calculate the remainder when 407 is divided by s.
2
Let r = 78 - 11. What is the remainder when 132 is divided by r?
65
Calculate the remainder when (232 - 1) + -55 + 65 is divided by 52.
33
Suppose p - 7*m = -5*m + 2, 5*p + 3*m = -42. Let h = 166 + -119. Calculate the remainder when h is divided by (-1 - p - 7) + (-16)/(-2).
5
Let g = -55 - -111. Let q be (-8)/60 - (15441/(-45) + -1). Let l = -334 + q. Calculate the remainder when g is divided by l.
6
Suppose -3*c + 80 = -55. Suppose 0 = -3*u + 30 + c. Let t = -6 + 20. What is the remainder when u is divided by t?
11
Let s(l) = 2*l**3 + 38*l**2 + 35*l + 37. Calculate the remainder when 56 is divided by s(-18).
1
Suppose -145 = t + u, 4*u = 3 + 5. Let i = t - -156. What is the remainder when i is divided by 3?
0
Let a(v) = -v + 0 - 5 - 3 + 10. Let j be (-40)/6*(-6)/(-4). What is the remainder when 68 is divided by a(j)?
8
Let v = 16 - 9. Let h = 973 + 9. Suppose 191 - h = -v*w. Calculate the remainder when w is divided by 29.
26
Let s(x) = 15*x - 41. Let r be s(5). Suppose 10*u - 4*l = 5*u + 109, 2*u = 4*l + r. Let j(d) = -12*d. What is the remainder when j(-8) is divided by u?
21
Let v = -1925 + 2720. Suppose 117 = 6*d - v. Let b(u) = -u**3 - u**2 + u - 1. What is the remainder when d is divided by b(-3)?
12
Let c(d) = 850*d**2 - 14*d + 11. Calculate the remainder when c(1) is divided by 144.
127
Let k = -14104 + 15870. What is the remainder when k is divided by 30?
26
Let w = -67 + 68. What is the remainder when 0 + 31*(1 - 0) is divided by w/(-4 - -5) + 10?
9
Let r = 9431 - 9114. Suppose 0 = 5*h + 2*k + k - 148, 2*h + 3*k - 52 = 0. What is the remainder when r is divided by h?
29
Suppose 249 = 42*x - 526 + 187. What is the remainder when 2813 is divided by x?
13
Suppose -64 = -16*v + 32*v. Calculate the remainder when (-252)/v - (-35)/(8 - 1) is divided by 10.
8
Let s(i) be the third derivative of -i**5/60 - 13*i**4/12 - 71*i**3/3 - 80*i**2. Calculate the remainder when 24 is divided by s(-11).
1
Let o = -7816 + 7856. What is the remainder when 148 is divided by o?
28
Suppose -w + w = w. Suppose w = -m - 2*m + 171. Let k = -46 + m. What is the remainder when k is divided by 3?
2
Suppose 5*b - 3*n - 48 = 0, 4*b - 2*b + 3*n = 15. Suppose b*s - 165 - 231 = 0. What is the remainder when 129 is divided by s?
41
Let q be (7/(-2))/((-21)/924). What is the remainder when q - (-3 + 0 + -3) is divided by 33?
28
Suppose -690 = -4*d + 2*i, 4*d = -4*i + 5*i + 695. Suppose -3*m + d = g, -3*g - 100 - 35 = -2*m. Calculate the remainder when 418 is divided by m.
58
Suppose -77591 = -168*v + 77305. What is the remainder when v is divided by 181?
17
Suppose -2*v - v = 4*k - 16378, 5*k = -v + 20456. Calculate the remainder when k is divided by 186.
184
Let g(h) = -2*h**2 - 38*h + 201. Let y(l) = -2*l**3 - 5*l**2 + l + 3. Calculate the remainder when y(-4) is divided by g(4).
13
Let i(g) = 6*g + 16. Suppose -2*f = -0*f - 8. Calculate the remainder when 4710/(-50)*40/(-24) is divided by i(f).
37
Let v(j) = 3*j**2 - 1. Let x be v(-2). Let g be (-90)/8*(x + -7). Let m = -33 - g. Calculate the remainder when 21 is divided by m.
9
Calculate the remainder when (11/(-3) + 4)/((-4 - -3)/(-1524)) is divided by 168.
4
Suppose -11 = 5*a - 36. Suppose 4*r - 258 = 5*u + 59, -a*r = 4*u - 386. Calculate the remainder when 155 is divided by r.
77
Let u(c) = 8*c**2 + 11*c + 10. What is the remainder when 75 is divided by u(-2)?
15
Let n = -258 + 442. Suppose 9*f - n = 293. Suppose 0 = -5*l - 18 + f. What is the remainder when 27 is divided by l?
6
Suppose 0 = 3*u + 2*q + 1451, -5*u + 4*q - 8*q - 2417 = 0. Let z = -377 - u. What is the remainder when z is divided by 96?
12
Let j = 420 + -324. Suppose 2*k - o - 77 = j, 0 = -o - 5. What is the remainder when k is divided by 11?
7
Suppose -14*z + 9*z + 169 = 8*z. Calculate the remainder when 22397 is divided by z.
11
Let a be ((-7)/5)/((-30)/1050). Suppose -129 + a = -5*d. What is the remainder when 347 is divided by d?
11
Let u = -10340 + 15225. Calculate the remainder when u is divided by 52.
49
Let q(k) = 5 - k**3 - 44*k + 57*k + 13 - 11*k**2. Let b be q(-12). Suppose 3*n = b*n - 171. Calculate the remainder when n is divided by 12.
9
Suppose 250123 = -723*w + 2952938 + 724205. Calculate the remainder when w is divided by 17.
14
Suppose 690*h = 712*h - 11792. Calculate the remainder when h is divided by 50.
36
Let l = 27574 + -27269. What is the remainder when l is divided by 108?
89
Suppose 2036*x + 1720 = 2032*x. Let k = 473 + x. What is the remainder when 124 is divided by k?
38
Let q(g) = 16*g**2 + 720*g + 53. Calculate the remainder when 943 is divided by q(-45).
42
Calculate the remainder when 1580/14 - (558/63 + -8) is divided by 29.
25
Let z be ((-2)/(1 - 3))/(1/34). Let a = 105 - z. Calculate the remainder when 140 is divided by a.
69
Suppose 3*n = 5*j - 2*n - 925, -5*j - 5*n = -865. What is the remainder when 1974 is divided by j?
5
Let y(z) = 17*z**2 + 11*z - 7. Let t = 87 + -85. Suppose 3*d + 2*v = 3*v - 8, 5*d - t*v = -13. Calculate the remainder when y(d) is divided by 19.
18
Let f be (-1)/(160/165 + -1). Suppose 6*g - f = -27. Suppose 1 = s - 0. Calculate the remainder when s is divided by g.
0
Suppose -5*u = 5*b - 940, -121*b + 123*b = -3*u + 373. Calculate the remainder when 395 is divided by b.
13
Let j = 1162 - 604. Let m = -8676 - -8693. What is the remainder when j is divided by m?
14
Let b(d) = -2*d**2 + 247*d - 450. Calculate the remainder when 631 is divided by b(119).
10
Suppose -45*a - 5*l = -42*a - 4580, -3*a = -2*l - 4531. What is the remainder when a is divided by 11?
8
Suppose -4*z = -2*z + 78. Let d = z + 47. Suppose 4*h - 131 = -5*o, 3*o - o - 66 = -5*h. What is the remainder when o is divided by d?
7
Let d = -3896 - -3907. What is the remainder when (-365)/(-15) + 2/(-6) is divided by d?
2
Let m = 159350 - 159268. Let c be -1 + 0 + 1*2. Calculate the remainder when m is divided by 21/c + 1 + -1.
19
Suppose -3*r = -6, -3*a + 497 + 58 = -3*r. Suppose -9*z - 7 = -a. Calculate the remainder when 50 is divided by z.
10
Suppose -5*j = -4*r + r - 250, 4*r = -2*j + 74. Let d = 195 + -76. Let t = d - 103. What is the remainder when j is divided by t?
15
What is the remainder when 268 is divided by 21/7 - -121 - (-22 + 8)/7?
16
Let r be (1870/(-51))/(-22) - (-4)/3. Suppose -4*d + 158 - 14 = 0. Suppose 2*s + 100 + 15 = 5*t, -t = -r*s - d. What is the remainder when t is divided by 8?
5
Suppose -5*v + 3*v - 4*u + 80 = 0, -95 = -3*v - u. Let d = -16 + v. Let p = 392 - 227. Calculate the remainder when p is divided by d.
11
Let x = 57443 - 57425. Suppose 5*g - m - 307 = -4*m, -3*m = -g + 47. What is the remainder when g is divided by x?
5
Let y be (-3)/(-12) - 1366/(-8). Suppose -4*t - 1 + y = -3*l, 2*t + 190 = -4*l. What is the remainder when 37 is divided by l/4*72/(-45)?
17
Let l(w) = 101*w + 95. Let z be l(-9). Calculate the remainder when 22/88 + z/(-8) is divided by 13.
11
Let t(f) be the third derivative of f**5/10 - 17*f**4/24 + 25*f**3/3 + 73*f**2 + f. Calculate the remainder when t(5) is divided by 41.
33
Let y(x) = x**2 + x + 1. Let u(v) = 3*v + 121. Let c be u(-37). Let m(n) = n + 1. Calculate the remainder when y(5) is divided by m(c).
9
Suppose -4*h - 3*g = -119, 4*h + 108 = 7*h - 4*g. Suppose h*p = 37*p - 220. Calculate the remainder when p is divided by 15.
14
Suppose 5*z - 75 = -12*c + 9*c, 2*c - 75 = -5*z. Suppose 4*i - 295 = -z. Calculate the remainder when i is divided by 24.
22
Let c be ((20/6 - -3) + -2)*-9. Let k = 97 + c. Suppose 2*x - m + 0*m - 35 = 0, 0 = 4*x + m - 61. What is the remainder when k is divided by x?
10
Let j(x) = 9*x**2 + 3*x. Let y = -76 + 79. Let b be j(y). Suppose -b = -6*z + z. Calculate the remainder when 68 is divided by z.
14
Suppose 38*n = 40*n. Suppose n*u + 6 = -4*u - d, -5*u + d = 3. What is the remainder when 103 is divided by (u - -9) + -4 - -23?
22
Suppose 2*g = -3*j + 196 + 376, -3*j - 3*g = -570. Let n(c) = 9*c**2 + 10*c + 12. Calculate the remainder when j is 